 prime factors of 84887?
11, 7717
List the prime factors of 2524.
2, 631
What are the prime factors of 42084?
2, 3, 7, 167
What are the prime factors of 47855?
5, 17, 563
What are the prime factors of 17420?
2, 5, 13, 67
What are the prime factors of 32612?
2, 31, 263
List the prime factors of 53578.
2, 7, 43, 89
List the prime factors of 828.
2, 3, 23
List the prime factors of 35517.
3, 11839
List the prime factors of 221.
13, 17
What are the prime factors of 15006?
2, 3, 41, 61
List the prime factors of 38.
2, 19
List the prime factors of 1124.
2, 281
List the prime factors of 3421.
11, 311
What are the prime factors of 772?
2, 193
What are the prime factors of 1593?
3, 59
What are the prime factors of 141261?
3, 47087
List the prime factors of 72392.
2, 9049
List the prime factors of 1763.
41, 43
List the prime factors of 991.
991
List the prime factors of 24995.
5, 4999
List the prime factors of 95267.
95267
What are the prime factors of 3284?
2, 821
List the prime factors of 11310.
2, 3, 5, 13, 29
List the prime factors of 147137.
147137
List the prime factors of 1599.
3, 13, 41
What are the prime factors of 10081?
17, 593
List the prime factors of 5046.
2, 3, 29
List the prime factors of 86646.
2, 3, 7, 2063
What are the prime factors of 4565?
5, 11, 83
List the prime factors of 632.
2, 79
What are the prime factors of 964?
2, 241
List the prime factors of 2029.
2029
List the prime factors of 951.
3, 317
List the prime factors of 915.
3, 5, 61
List the prime factors of 142201.
43, 3307
What are the prime factors of 567?
3, 7
List the prime factors of 26534.
2, 13267
List the prime factors of 1268.
2, 317
List the prime factors of 145858.
2, 233, 313
What are the prime factors of 4097?
17, 241
List the prime factors of 17113.
109, 157
List the prime factors of 23781.
3, 7927
List the prime factors of 3719.
3719
List the prime factors of 2524.
2, 631
List the prime factors of 67134.
2, 3, 67, 167
What are the prime factors of 50586?
2, 3, 8431
What are the prime factors of 84401?
84401
List the prime factors of 78749.
11, 7159
What are the prime factors of 374?
2, 11, 17
What are the prime factors of 562?
2, 281
What are the prime factors of 42268?
2, 10567
What are the prime factors of 75271?
7, 10753
List the prime factors of 708.
2, 3, 59
What are the prime factors of 29596?
2, 7, 151
What are the prime factors of 1036?
2, 7, 37
List the prime factors of 4714.
2, 2357
List the prime factors of 2483.
13, 191
List the prime factors of 47184.
2, 3, 983
What are the prime factors of 18653?
23, 811
List the prime factors of 775.
5, 31
List the prime factors of 8151.
3, 11, 13, 19
List the prime factors of 783.
3, 29
What are the prime factors of 5144?
2, 643
What are the prime factors of 3523?
13, 271
What are the prime factors of 167?
167
What are the prime factors of 23538?
2, 3, 3923
List the prime factors of 14201.
11, 1291
List the prime factors of 5471.
5471
List the prime factors of 39758.
2, 103, 193
List the prime factors of 1017.
3, 113
What are the prime factors of 2228?
2, 557
List the prime factors of 1167.
3, 389
List the prime factors of 4711.
7, 673
List the prime factors of 1691.
19, 89
What are the prime factors of 55328?
2, 7, 13, 19
What are the prime factors of 1328?
2, 83
List the prime factors of 140172.
2, 3, 11681
List the prime factors of 44328.
2, 3, 1847
List the prime factors of 286.
2, 11, 13
What are the prime factors of 20544?
2, 3, 107
What are the prime factors of 13493?
103, 131
List the prime factors of 774.
2, 3, 43
What are the prime factors of 633?
3, 211
What are the prime factors of 6725?
5, 269
What are the prime factors of 1171?
1171
List the prime factors of 1939.
7, 277
List the prime factors of 1344.
2, 3, 7
What are the prime factors of 5106?
2, 3, 23, 37
What are the prime factors of 13195?
5, 7, 13, 29
List the prime factors of 36443.
11, 3313
List the prime factors of 52513.
17, 3089
List the prime factors of 743.
743
What are the prime factors of 32?
2
List the prime factors of 6365.
5, 19, 67
List the prime factors of 134237.
241, 557
List the prime factors of 3541.
3541
List the prime factors of 772.
2, 193
What are the prime factors of 1301?
1301
List the prime factors of 1858.
2, 929
What are the prime factors of 1524?
2, 3, 127
What are the prime factors of 24613?
151, 163
What are the prime factors of 1124?
2, 281
List the prime factors of 8937.
3, 331
What are the prime factors of 302?
2, 151
What are the prime factors of 842?
2, 421
What are the prime factors of 54972?
2, 3, 509
List the prime factors of 6902.
2, 7, 17, 29
What are the prime factors of 42272?
2, 1321
List the prime factors of 601.
601
What are the prime factors of 41547?
3, 11, 1259
What are the prime factors of 41251?
7, 71, 83
What are the prime factors of 1064?
2, 7, 19
List the prime factors of 1700.
2, 5, 17
List the prime factors of 8750.
2, 5, 7
List the prime factors of 32386.
2, 16193
List the prime factors of 30498.
2, 3, 13, 17, 23
List the prime factors of 90351.
3, 10039
List the prime factors of 46261.
46261
List the prime factors of 260.
2, 5, 13
What are the prime factors of 116909?
13, 17, 23
List the prime factors of 2837.
2837
What are the prime factors of 6403?
19, 337
What are the prime factors of 349?
349
List the prime factors of 14553.
3, 7, 11
List the prime factors of 14810.
2, 5, 1481
List the prime factors of 31227.
3, 7, 1487
List the prime factors of 20044.
2, 5011
What are the prime factors of 20?
2, 5
What are the prime factors of 86789?
59, 1471
List the prime factors of 552.
2, 3, 23
What are the prime factors of 5914?
2, 2957
What are the prime factors of 3851?
3851
List the prime factors of 9986.
2, 4993
What are the prime factors of 18608?
2, 1163
What are the prime factors of 974?
2, 487
What are the prime factors of 1982?
2, 991
What are the prime factors of 181?
181
List the prime factors of 86554.
2, 13, 3329
List the prime factors of 52702.
2, 13, 2027
List the prime factors of 22152.
2, 3, 13, 71
What are the prime factors of 774?
2, 3, 43
What are the prime factors of 91335?
3, 5, 6089
List the prime factors of 25787.
107, 241
List the prime factors of 5696.
2, 89
What are the prime factors of 1427?
1427
What are the prime factors of 3378?
2, 3, 563
List the prime factors of 1224.
2, 3, 17
List the prime factors of 36206.
2, 43, 421
List the prime factors of 39972.
2, 3, 3331
What are the prime factors of 97626?
2, 3, 53, 307
What are the prime factors of 473?
11, 43
List the prime factors of 11218.
2, 71, 79
List the prime factors of 1821.
3, 607
List the prime factors of 3098.
2, 1549
What are the prime factors of 560?
2, 5, 7
List the prime factors of 1603.
7, 229
What are the prime factors of 783?
3, 29
What are the prime factors of 4000?
2, 5
What are the prime factors of 11298?
2, 3, 7, 269
What are the prime factors of 267?
3, 89
What are the prime factors of 13290?
2, 3, 5, 443
List the prime factors of 108378.
2, 3, 223
List the prime factors of 5725.
5, 229
What are the prime factors of 10035?
3, 5, 223
List the prime factors of 1406.
2, 19, 37
What are the prime factors of 10795?
5, 17, 127
What are the prime factors of 348?
2, 3, 29
What are the prime factors of 29478?
2, 3, 17
What are the prime factors of 63949?
63949
What are the prime factors of 2752?
2, 43
List the prime factors of 3687.
3, 1229
What are the prime factors of 94027?
17, 5531
What are the prime factors of 27572?
2, 61, 113
What are the prime factors of 28601?
37, 773
What are the prime factors of 1187?
1187
What are the prime factors of 2516?
2, 17, 37
List the prime factors of 41985.
3, 5, 311
List the prime factors of 1150.
2, 5, 23
List the prime factors of 4285.
5, 857
What are the prime factors of 72324?
2, 3, 7, 41
List the prime factors of 40.
2, 5
What are the prime factors of 4366?
2, 37, 59
What are the prime factors of 1405?
5, 281
List the prime factors of 25458.
2, 3, 4243
What are the prime factors of 41214?
2, 3, 6869
List the prime factors of 16283.
19, 857
What are the prime factors of 155?
5, 31
List the prime factors of 1600.
2, 5
What are the prime factors of 1903?
11, 173
What are the prime factors of 1904?
2, 7, 17
What are the prime factors of 7504?
2, 7, 67
List t